 v(g) = -g**2 + g + 3. What is v(m)?
-9
Let x(h) = -h**3 - 3*h**2 - 2*h - 3. Let k be x(-4). Suppose 0 = 8*l - 3*l - 2*f + 78, 2*l = -f - 24. Let c = l + k. Let u(j) = j**2 - 9*j + 10. Determine u(c).
-4
Let g(i) be the second derivative of 4*i**3/3 - 2*i**2 + 53*i + 6. Give g(6).
44
Let u(r) be the second derivative of -r**5/20 + 23*r**4/12 - 59*r**3/6 - 25*r**2/2 - 711*r. Calculate u(20).
-5
Let z(y) = -y**2 - 26*y - 28. Suppose -28204 + 27824 = 20*m. Determine z(m).
105
Let o(x) = -2*x**2 - 6*x + 21. Suppose 15*j + 189 + 36 = -30*j. Give o(j).
1
Let s(m) be the second derivative of -m**4/12 + 31*m**3/6 + 70*m**2 - 6*m - 321. Determine s(35).
0
Let r(m) be the first derivative of m**2/2 + 3*m - 25772. Suppose 3*q + 24 = -q. Calculate r(q).
-3
Suppose 0 = -19*w + 17*w + 8. Let p(z) = 12 - w*z + 0*z - 2*z - 9*z + 14*z. Give p(10).
2
Let f(t) be the third derivative of -1/24*t**4 + 0*t + 2 - 14*t**2 + t**3. Calculate f(7).
-1
Let o(x) = x - 9. Let k be (-20)/(-12) + 320/(-48). Let z be k/((-1 - -8) + -4 - 4). What is o(z)?
-4
Let i(w) = 317*w**2 - 11*w + 24. Let h(b) = 872*b**2 - 32*b + 70. Let f(g) = -4*h(g) + 11*i(g). Calculate f(7).
-16
Suppose -2*o + n = -2 - 5, -4*o + 18 = 2*n. Suppose o*m + 75 = -121. Let a = -43 - m. Let c(b) = -2*b + 4. Determine c(a).
-8
Let l(r) = 10*r + r**2 - 397 - 432 + 1194 - 413. What is l(-11)?
-37
Suppose -8 = -2*r - 2*c, 2*r + 5*c - 60 = -46. Let f(k) = 43*k - 80. Let x be f(r). Let q(o) = -o**3 + 4*o**2 + 9*o - 3. Give q(x).
-21
Suppose -128 = -13*q + 9*q. Let j = q + -30. Let m(w) = 4*w**2 - 8 - 2 - 756*w + 764*w - 5*w**j. Give m(5).
5
Let j(d) be the second derivative of -d**4/12 - d**2 - 15*d - 3. Let i(c) = 3*c**2 + 4*c + 14. Let o(u) = i(u) + 2*j(u). Give o(-4).
10
Let f(z) = -55*z**2 + 3*z + 12. Let t(d) = 10*d**2 - 2*d. Let v(o) = -f(o) - 5*t(o). What is v(2)?
22
Let j(k) = -k - 7. Suppose -p - 59 + 67 = 0. Let x = -56 + p. Let f be 276/x + (-2)/8. What is j(f)?
-1
Let d(k) = k**2 - 14*k + 1. Let f = -3017 + 3028. Calculate d(f).
-32
Let j(c) be the second derivative of c**4/12 + 5*c**3/2 - 20*c**2 - 329*c + 5. Determine j(-14).
-54
Let j(y) = 2*y**2 + 13*y + 3. Let i be (-228)/(-323)*17/(-2). What is j(i)?
-3
Suppose 0 = -2*u - 63 + 89. Let x = 8 - u. Let y(p) = -2*p**2 - 6*p + 5. What is y(x)?
-15
Let h(a) = -10*a - 16. Suppose 3*t = -307 + 307. What is h(t)?
-16
Let t(j) = -j**3 + j**2 - j - 26. Suppose 38 = 4*h + 2. Suppose -31*q = -23*q - 32. Let w be h - 7 - (q + -2). Determine t(w).
-26
Let c(u) be the second derivative of -u**4/12 + u**3/3 + 2*u**2 - 732*u. Let t(w) = w**2 - 7*w - 4. Let l be t(7). Calculate c(l).
-20
Let w = -58143 - -58152. Let g(z) be the second derivative of z**5/20 - 3*z**4/4 - z**3/3 + 7*z**2/2 - z. What is g(w)?
-11
Suppose -2*o = -14*v + 17*v - 8, 0 = 4*v. Let j(k) = -k**2 + 2*k - 1. Give j(o).
-9
Let n(d) = 2*d + 44 - 5*d - 6*d**2 - d**2 - 28. Let i(b) = 11*b**2 + 5*b - 25. Let k(z) = -5*i(z) - 8*n(z). Calculate k(0).
-3
Suppose -5*f + 17 = 7. Let b(t) = 96*t + f + 94*t + 9 - 189*t. Calculate b(9).
20
Let j(q) = -11*q**2 + 2*q + 1. Let s be (-5)/(-3 - 2) - 20/(-4). Suppose 0 = -s*d + 13*d + 7. Give j(d).
-12
Let h(o) be the second derivative of -11*o**4/12 - o**3/6 + 42*o. Suppose 0 = 2*r + 27*s - 22*s + 2, -4*s + 3 = -3*r. Calculate h(r).
-10
Let s(b) = 7*b**2 + 114*b + 35. Let x be s(-16). Let h(c) = -31*c - 7. Give h(x).
-100
Let u(y) = -20*y + 29 + 25*y + 31 + 12*y. Give u(-4).
-8
Let s(j) = -2 + 207*j**2 + 113*j - 83*j - 218*j**2 + j**3 + 2. Determine s(7).
14
Let j(l) = 13*l**2 + 23*l - 26. Let m(y) = y**2 + 6*y - 8. Let f(h) = j(h) - 3*m(h). Determine f(-3).
73
Let h(z) = z**3 + 26*z**2 - 27*z + 7. Let o be h(-27). Let p(k) = 10 + 17*k - 23 + 5 + o. Suppose 0*g + 5*y + 4 = g, 2*g = 4*y + 2. Give p(g).
-18
Let q(f) = -2*f**2 + 4*f**2 + 2*f**2 + f**3 - 4*f + 4 - 7*f**2. Suppose 3*v = 4*o + 20, -1917 + 1933 = 5*v + 2*o. Calculate q(v).
4
Let c(f) = -7*f**3 + 15*f**2 - 10*f + 49. Let d(u) = -22*u**3 + 44*u**2 - 28*u + 149. Let x(q) = 19*c(q) - 6*d(q). Determine x(20).
-3
Let o(x) = 4*x**2 - 2*x + 2. Suppose -2*z = 2*z - 36. Suppose z = 3*c + 3. Calculate o(c).
14
Let a(l) = -l**2 + 3*l + 6. Suppose 5*x = 0, -x + 3*x + 20 = 2*c. Suppose -32 = -c*i + 6*i. Let g = i - 3. What is a(g)?
-4
Let i(m) = 2*m**2 - m. Let l(a) = -11*a**2 + 6*a + 3. Suppose -42 = -n - 41. Let b(t) = n*l(t) + 5*i(t). What is b(3)?
-3
Suppose a = -3*k - 6, 7*a = -8 - 34. Let b(p) = 4*p + 94. What is b(k)?
94
Let n(p) = p**3 + 6*p**2 + p + 5. Let c(u) be the second derivative of 2*u**3/3 + 11*u**2 + 20*u. Let s be c(-7). Determine n(s).
-1
Let y be ((-9)/6)/(3/66). Let g be (-11)/y + 1/(-3). Let b be g/(-1) - ((-32)/4 + 6). Let c(a) = a**2 + 2. What is c(b)?
6
Let k be 88/110*(-5)/(-2). Let s(c) = c**3 - 9*c**2 - 5 + 50*c + 16*c**k - 43*c. Give s(-6).
-11
Let i(q) = -3*q**2 + 4*q - 71. Let d(h) = 5*h**2 - 6*h + 132. Let a(m) = 4*d(m) + 7*i(m). Determine a(9).
-14
Let w(q) = -q**2 + 9*q - 4. Let n(h) = 227*h - 4309. Let c be n(19). What is w(c)?
16
Let o = -3183 - -3193. Let p(t) = t - 16. Give p(o).
-6
Let l(o) = -o**3 + 7*o**2 + 6. Suppose 4*z = -3*g + 2953, 7*g - 2193 = -3*z + 12*g. Let c = 743 - z. Determine l(c).
6
Let j(d) = -d + 1. Suppose -5*q + 16 = -y - 0, 2*q = 4*y + 46. Suppose 4*x - 5*f = -20 - 67, -105 = 5*x - 5*f. Let o = x - y. Determine j(o).
8
Let v(w) = w**2 - 10*w - 11. Let n(z) = -2*z**3 + 54*z**2 - 2*z + 56. Let i be n(27). Let g be ((-3)/i)/((-42)/280). What is v(g)?
-11
Suppose 3*j - 35 + 11 = -4*u, -u = -5*j + 17. Let w(g) = g**2 - 2*g - 19. Let y be w(j). Let b(f) = f**3 + 10*f**2 - 11*f - 15. Determine b(y).
-15
Let f = -43992 - -43970. Let z(i) = i - 32. What is z(f)?
-54
Let o(c) = -c - 3. Let v(l) = 8*l**2 - 38*l - 5. Let x be v(5). Suppose x*u + 172 = 102. Give o(u).
11
Let m(g) = 10*g + 12. Suppose 4*y - 26*b + 10 = -27*b, -2*y = -5*b + 38. Calculate m(y).
-28
Let t(n) be the second derivative of n**5/20 - 7*n**4/6 + 19*n**3/6 - 3*n**2 + 3351*n. Give t(12).
-66
Suppose -3*p - 6 = 0, g + 5 = 4*p + 4. Let a(u) = u**3 - u**2 + u - 9. Let q(c) = 8*c**3 + c**2 - 3*c - 65. Let y(z) = -7*a(z) + q(z). Give y(g).
7
Suppose -87 - 17 = 87*k - 17. Suppose -4*l - 16 = 0, 0 = 2*n - l - 9 + 1. Let v(r) = r - 6*r**n + 4*r**2 - 5*r**2. Give v(k).
-8
Let l(m) = -19*m**2 - 66*m - 3. Let a(j) = -7*j**2 - 24*j - 1. Let w(g) = 8*a(g) - 3*l(g). Suppose -119 = -5*f + 331. Let n be (-76)/18 + 20/f. Give w(n).
-7
Let t(r) = -2*r + 15. Let i(v) = 19*v - 101. Let c(l) = -i(l) - 7*t(l). Suppose n = -3*w + 6*n - 38, 46 = -5*w + 4*n. Calculate c(w).
26
Suppose 4*t - t = 9. Let n(f) = -f**3 + 3*f**2 + 2*f - 2. Let a be n(t). Let b(m) be the first derivative of m**4/4 - m**3 - 3*m**2 + 5*m - 13. Give b(a).
-3
Let t(l) = l**2 + 4*l - 1. Suppose 2*m + 91 = 9*m. Suppose 5*r + 10 = -j, -m + 48 = -5*r + 4*j. What is t(r)?
-4
Let s(j) = -69*j**2 + 18*j + 5. Let h(c) = 57*c**2 - 18*c - 7. Let b(q) = 6*h(q) + 5*s(q). Give b(-4).
7
Let i(u) be the third derivative of -44 + 1/60*u**5 + 1/8*u**4 + 0*u - u**2 - u**3. What is i(-5)?
4
Let v(r) be the first derivative of -46*r**2 - r - 1268. What is v(-1)?
91
Let a(o) = 2*o**2 + 19*o - 59. Let h = 38689 + -38702. Calculate a(h).
32
Let o(r) = r. Let n(v) = 23*v - 8. Let x(y) = -19*y + 9. Let d(b) = -5*n(b) - 6*x(b). Let f(l) = d(l) + 4*o(l). Calculate f(7).
7
Let t be 15/(-9)*69/(-23). Let r(v) = -3365*v + 3363*v + 2 - t. Give r(-3).
3
Let w(o) = 3*o - 1. Suppose -2*f - 3*q = 376, -5*f - 583 = 4*q + 350. Let r = -186 - f. Give w(r).
-4
Let n be 2*(-2)/4*2. Let i(r) be the third derivative of -1/3*r**3 + 0*r + 1/24*r**4 + 1/60*r**5 + 0 + 34*r**2. What is i(n)?
0
Let g = 8333 + -8308. Let a(r) = r**2 - 20*r - 30. Give a(g).
95
Let g(a) be the second derivative of -a**3/6 - a**2 - 19*a + 24. What is g(-7)?
5
Let z(y) = -y**3 - 2*y**2 + 1. Let k(f) be the third derivative of f**6/24 + f**5/30 - f**4/24 + 2*f**3/3 + 160*f**2. Let l(a) = k(a) + 4*z(a). What is l(6)?
2
Let y(t) be the third derivative of 7*t**5/60 + 5*t**4/12 - 4*t**3/3 - 4*t**2 + 1016*t. Give y(-4).
64
Suppose 358 - 1246 = -37*d. Let a(n) = 12*n + 2*n**2 + 5*n + n + 9*n - d*n - 8. What is a(-4)?
12
Let d(o) be the third derivative of o**5/60 - 13*o**4/12 - 53*o**3/6 + 1687*o**2. Determine d(28).
3